 176?
133
Calculate the remainder when 6312 is divided by 2055.
147
What is the remainder when 7018 is divided by 6989?
29
Calculate the remainder when 9836 is divided by 468.
8
Calculate the remainder when 149110 is divided by 64.
54
Calculate the remainder when 1845 is divided by 182.
25
Calculate the remainder when 114582 is divided by 703.
696
What is the remainder when 165491 is divided by 377?
365
What is the remainder when 1443458 is divided by 41241?
23
What is the remainder when 244729 is divided by 956?
949
What is the remainder when 415700 is divided by 22?
10
What is the remainder when 10811 is divided by 2698?
19
What is the remainder when 54548 is divided by 327?
266
What is the remainder when 903 is divided by 107?
47
Calculate the remainder when 5709 is divided by 22.
11
Calculate the remainder when 182565 is divided by 503.
479
What is the remainder when 751650 is divided by 375818?
14
What is the remainder when 1573 is divided by 1500?
73
Calculate the remainder when 3877 is divided by 214.
25
Calculate the remainder when 30236 is divided by 29.
18
Calculate the remainder when 70332 is divided by 220.
152
What is the remainder when 4689 is divided by 1550?
39
Calculate the remainder when 11844 is divided by 284.
200
Calculate the remainder when 2145 is divided by 2099.
46
Calculate the remainder when 2671 is divided by 56.
39
Calculate the remainder when 205 is divided by 113.
92
Calculate the remainder when 385 is divided by 229.
156
Calculate the remainder when 53313 is divided by 18.
15
What is the remainder when 3670 is divided by 118?
12
Calculate the remainder when 1082 is divided by 49.
4
What is the remainder when 23397 is divided by 48?
21
Calculate the remainder when 10727 is divided by 6.
5
What is the remainder when 187934 is divided by 111?
11
Calculate the remainder when 14925 is divided by 559.
391
Calculate the remainder when 1445 is divided by 22.
15
What is the remainder when 155945 is divided by 386?
1
Calculate the remainder when 217224 is divided by 17.
15
Calculate the remainder when 5410 is divided by 80.
50
What is the remainder when 7171 is divided by 182?
73
What is the remainder when 1972097 is divided by 205?
202
What is the remainder when 32895 is divided by 158?
31
Calculate the remainder when 31769 is divided by 346.
283
Calculate the remainder when 34308 is divided by 8538.
156
Calculate the remainder when 10522 is divided by 1494.
64
What is the remainder when 913 is divided by 395?
123
Calculate the remainder when 150724 is divided by 75353.
18
Calculate the remainder when 21119 is divided by 16.
15
Calculate the remainder when 47481 is divided by 47470.
11
Calculate the remainder when 288963 is divided by 26.
25
What is the remainder when 277098 is divided by 52?
42
What is the remainder when 167579 is divided by 568?
19
What is the remainder when 227763 is divided by 2169?
18
What is the remainder when 254798 is divided by 49?
47
What is the remainder when 400225 is divided by 729?
4
What is the remainder when 7900 is divided by 2620?
40
What is the remainder when 27912 is divided by 1038?
924
What is the remainder when 1925 is divided by 322?
315
Calculate the remainder when 6003 is divided by 1239.
1047
What is the remainder when 3349008 is divided by 7?
5
What is the remainder when 2383 is divided by 31?
27
Calculate the remainder when 24586 is divided by 496.
282
Calculate the remainder when 17551 is divided by 1347.
40
What is the remainder when 505 is divided by 487?
18
What is the remainder when 11388 is divided by 11368?
20
Calculate the remainder when 6954 is divided by 3449.
56
Calculate the remainder when 351742 is divided by 683.
680
Calculate the remainder when 351373 is divided by 1446.
1441
What is the remainder when 5940 is divided by 227?
38
What is the remainder when 395867 is divided by 2262?
17
What is the remainder when 608 is divided by 132?
80
Calculate the remainder when 8929 is divided by 308.
305
Calculate the remainder when 155337 is divided by 1117.
74
What is the remainder when 7334 is divided by 1041?
47
What is the remainder when 1148121 is divided by 12?
9
Calculate the remainder when 43013 is divided by 39.
35
What is the remainder when 40951 is divided by 48?
7
What is the remainder when 56260 is divided by 5622?
40
Calculate the remainder when 1240 is divided by 1193.
47
What is the remainder when 87996 is divided by 23?
21
What is the remainder when 375 is divided by 23?
7
What is the remainder when 763 is divided by 148?
23
What is the remainder when 368939 is divided by 96?
11
What is the remainder when 2575 is divided by 171?
10
What is the remainder when 76024 is divided by 261?
73
What is the remainder when 4273 is divided by 972?
385
What is the remainder when 36207 is divided by 18096?
15
What is the remainder when 20620 is divided by 15?
10
Calculate the remainder when 29264 is divided by 1266.
146
What is the remainder when 93847 is divided by 431?
320
What is the remainder when 4222 is divided by 844?
2
What is the remainder when 994 is divided by 12?
10
What is the remainder when 119543 is divided by 24?
23
Calculate the remainder when 2927063 is divided by 38.
37
Calculate the remainder when 3736 is divided by 1776.
184
Calculate the remainder when 371289 is divided by 123745.
54
Calculate the remainder when 11747 is divided by 11579.
168
What is the remainder when 341034 is divided by 1927?
1882
What is the remainder when 43760 is divided by 14551?
107
Calculate the remainder when 12175 is divided by 2428.
35
What is the remainder when 17841 is divided by 214?
79
What is the remainder when 506259 is divided by 8728?
35
Calculate the remainder when 9383 is divided by 254.
239
What is the remainder when 1826 is divided by 579?
89
What is the remainder when 744827 is divided by 11?
6
Calculate the remainder when 42987 is divided by 763.
259
What is the remainder when 12238 is divided by 30?
28
Calculate the remainder when 1412 is divided by 1409.
3
Calculate the remainder when 4804 is divided by 178.
176
Calculate the remainder when 510 is divided by 377.
133
Calculate the remainder when 143993 is divided by 162.
137
Calculate the remainder when 643 is divided by 432.
211
Calculate the remainder when 15913 is divided by 91.
79
Calculate the remainder when 15995 is divided by 40.
35
Calculate the remainder when 18394 is divided by 27.
7
What is the remainder when 1751 is divided by 119?
85
What is the remainder when 109844 is divided by 24?
20
Calculate the remainder when 2161 is divided by 232.
73
Calculate the remainder when 11678 is divided by 686.
16
Calculate the remainder when 49097 is divided by 22.
15
Calculate the remainder when 6726 is divided by 66.
60
Calculate the remainder when 9626 is divided by 20.
6
What is the remainder when 31411 is divided by 102?
97
What is the remainder when 172 is divided by 172?
0
What is the remainder when 6796 is divided by 2262?
10
Calculate the remainder when 616268 is divided by 102708.
20
Calculate the remainder when 5631 is divided by 1401.
27
Calculate the remainder when 252666 is divided by 4954.
12
Calculate the remainder when 181607 is divided by 47.
46
Calculate the remainder when 715403 is divided by 31104.
11
Calculate the remainder when 55049 is divided by 11009.
4
What is the remainder when 161549 is divided by 359?
358
What is the remainder when 22646 is divided by 1413?
38
Calculate the remainder when 224992 is divided by 77.
75
Calculate the remainder when 920869 is divided by 472.
469
What is the remainder when 1310 is divided by 436?
2
Calculate the remainder when 3827 is divided by 85.
2
Calculate the remainder when 72825 is divided by 3641.
5
Calculate the remainder when 321576 is divided by 107177.
45
Calculate the remainder when 25715 is divided by 245.
235
What is the remainder when 3113 is divided by 444?
5
Calculate the remainder when 30385 is divided by 1125.
10
Calculate the remainder when 9259 is divided by 1878.
1747
Calculate the remainder when 12060 is divided by 3666.
1062
Calculate the remainder when 1187 is divided by 621.
566
What is the remainder when 704 is divided by 84?
32
What is the remainder when 7179 is divided by 302?
233
Calculate the remainder when 1113